at is 247 + -3?
244
In base 10, what is -1320 - -5?
-1315
In base 3, what is -2010 - 111?
-2121
In base 2, what is -11101 + -1011001?
-1110110
In base 9, what is -1 - 712?
-713
In base 2, what is 100011111001 + -101?
100011110100
In base 11, what is -a8 - -3?
-a5
In base 10, what is 4 - -870?
874
In base 15, what is -d + -3c1?
-3ce
In base 8, what is 2 + 102?
104
In base 7, what is 23 + -114?
-61
In base 10, what is -46 + 4?
-42
In base 5, what is 34 - -1302?
1341
In base 3, what is 1012011 + 100?
1012111
In base 2, what is -101101111 + 11?
-101101100
In base 16, what is 2c4 + 4?
2c8
In base 8, what is -12 + -547?
-561
In base 15, what is -2 + -6b?
-6d
In base 2, what is 1010 - 10000001?
-1110111
In base 10, what is -96 + 4?
-92
In base 7, what is 5 - 34?
-26
In base 14, what is -610 - -13?
-5db
In base 15, what is 4 + e9?
ed
In base 8, what is 13577 + 3?
13602
In base 10, what is 1 + 18?
19
In base 2, what is 110 - -110111?
111101
In base 2, what is 111101010111 + 0?
111101010111
In base 9, what is 3 - -116?
120
In base 12, what is 519 + 6?
523
In base 12, what is 2b + 3b?
6a
In base 11, what is 362 + -4?
359
In base 11, what is 11 + 23a?
250
In base 14, what is 70 - -11?
81
In base 9, what is -1 + -171?
-172
In base 13, what is 228 - -1?
229
In base 3, what is 2 + -20211221?
-20211212
In base 7, what is 5062 + -11?
5051
In base 4, what is -10 - -202?
132
In base 9, what is 3 - 212?
-208
In base 10, what is -2 - 220?
-222
In base 3, what is -2 - -10?
1
In base 9, what is 116 - 3?
113
In base 3, what is 12 + -102021?
-102002
In base 11, what is 3a10 - -2?
3a12
In base 13, what is 2 - -72a?
72c
In base 12, what is 3 - 83?
-80
In base 7, what is 104 - 1?
103
In base 2, what is 1 - 110111111?
-110111110
In base 11, what is 438 + 5?
442
In base 6, what is 5 - -15432?
15441
In base 3, what is 1 - -112001?
112002
In base 2, what is -11110101110 + -101?
-11110110011
In base 3, what is 0 - 220?
-220
In base 7, what is 12 + 1?
13
In base 12, what is 83 + 34?
b7
In base 10, what is -413 - 6?
-419
In base 3, what is -20110 - 12?
-20122
In base 3, what is 0 - -110211?
110211
In base 9, what is -2 + 537?
535
In base 4, what is 2012 - 1?
2011
In base 15, what is -1556 - -4?
-1552
In base 12, what is -a48 + 4?
-a44
In base 12, what is 549 - -7?
554
In base 7, what is -3 + -151?
-154
In base 12, what is -33 - 9b?
-112
In base 15, what is 40c - b?
401
In base 3, what is 122 + -100?
22
In base 10, what is -408 - -11?
-397
In base 8, what is -2 + -64?
-66
In base 12, what is 169 - -2?
16b
In base 2, what is 101110 - 10100?
11010
In base 6, what is -111305 - -4?
-111301
In base 3, what is -211 + 1220?
1002
In base 6, what is -22211 + -4?
-22215
In base 7, what is -11 + 1?
-10
In base 13, what is 340 + 4?
344
In base 16, what is 67 - 2?
65
In base 4, what is -10 + 112?
102
In base 15, what is 1 - 0?
1
In base 9, what is 3430 + -1?
3428
In base 13, what is 63 - 25?
3b
In base 2, what is -10001111 - 1001110?
-11011101
In base 2, what is 0 + 101100?
101100
In base 16, what is -ad + -16?
-c3
In base 12, what is 276 + -3?
273
In base 10, what is -187 - 1?
-188
In base 15, what is 125 - -2?
127
In base 3, what is 1000 - -100?
1100
In base 10, what is -1 + -12?
-13
In base 13, what is -24b - -27?
-224
In base 15, what is -4 - -3a6?
3a2
In base 6, what is 1513 + 2?
1515
In base 9, what is -2111 + 2?
-2108
In base 16, what is ca + 4?
ce
In base 13, what is -7 + 463?
459
In base 12, what is 3 + -2b8?
-2b5
In base 10, what is 3 - -12?
15
In base 8, what is 27 + -25?
2
In base 12, what is 19 + -3?
16
In base 10, what is -548 - -2?
-546
In base 10, what is -5 - 2970?
-2975
In base 3, what is 1 + 1201211?
1201212
In base 14, what is -c - -3?
-9
In base 9, what is -2 + 836?
834
In base 7, what is 5 + -626?
-621
In base 10, what is 56 + 120?
176
In base 2, what is 10101 + -110000?
-11011
In base 9, what is 116 - -21?
137
In base 12, what is 875 - -3?
878
In base 9, what is -742 + 0?
-742
In base 11, what is -4 - 834?
-838
In base 14, what is 5b99 - -4?
5b9d
In base 14, what is 71 + -2?
6d
In base 16, what is 16 + -12?
4
In base 9, what is -21 - -11?
-10
In base 10, what is -27 - 66?
-93
In base 14, what is 2a0b - -3?
2a10
In base 11, what is 4 - 337?
-333
In base 10, what is -5 + 60?
55
In base 8, what is 2122 - 12?
2110
In base 10, what is 216 - -2?
218
In base 4, what is 3113 + -3?
3110
In base 9, what is -10 + 0?
-10
In base 4, what is 1 + -21212?
-21211
In base 12, what is -7b + 5?
-76
In base 9, what is -5012 + 2?
-5010
In base 7, what is -11 + 225?
214
In base 12, what is 5 - 600?
-5b7
In base 16, what is -c2 - -10?
-b2
In base 9, what is 145120 - 4?
145115
In base 15, what is 79 - -3?
7c
In base 10, what is 304 + -31?
273
In base 14, what is -53b - -5?
-536
In base 7, what is -135 - -55?
-50
In base 13, what is 45a - 5?
455
In base 5, what is 120 + -3?
112
In base 15, what is -56 + 1?
-55
In base 10, what is 1320 + 1?
1321
In base 14, what is 17 - -1?
18
In base 12, what is 3 - -82?
85
In base 8, what is -1 + 15?
14
In base 13, what is 2a8 - 1?
2a7
In base 12, what is 4 + 1232?
1236
In base 9, what is -6041 + 4?
-6036
In base 7, what is -5 - 320?
-325
In base 7, what is -2 + 100?
65
In base 7, what is 2 - 35?
-33
In base 15, what is -7 + -193?
-19a
In base 14, what is -174 + d?
-165
In base 15, what is -25b + -1?
-25c
In base 7, what is -5016 - 1?
-5020
In base 2, what is 1101000 + -10101010?
-1000010
In base 11, what is 106 - 1?
105
In base 9, what is -27 + 2?
-25
In base 16, what is -2 - -25?
23
In base 10, what is 4 - -31?
35
In base 11, what is -776 - -7?
-76a
In base 3, what is 12 - -1101?
1120
In base 11, what is -306 - -39?
-278
In base 12, what is 3 - -807?
80a
In base 14, what is 5 - -d?
14
In base 16, what is -56 + 27?
-2f
In base 12, what is 4 - 94?
-90
In base 5, what is -320 - -1102?
232
In base 4, what is 3 + 202000?
202003
In base 10, what is 1 + -121?
-120
In base 11, what is -5 - 7a3?
-7a8
In base 9, what is -5 + -63?
-68
In base 7, what is 3 - 424?
-421
In base 10, what is -1021 + 1?
-1020
In base 7, what is -16 - -24?
5
In base 9, what is -805 + 0?
-805
In base 15, what is -5 - 23?
-28
In base 13, what is 3 - 74?
-71
In base 8, what is 123 - 64?
37
In base 6, what is -5 - -32454?
32445
In base 14, what is 1c - 5?
17
In base 3, what is -11 + 101121?
101110
In base 3, what is -10 - 210?
-220
In base 6, what is -4 - 54?
-102
In base 12, what is -151 - 0?
-151
In base 7, what is -5 - -2?
-3
In base 7, what is 221 + -120?
101
In base 4, what is 1 - -23302?
23303
In base 3, what is 10 + 11200?
11210
In base 4, what is 23030 - 0?
23030
In base 14, what is -1c - b2?
-d0
In base 11, what is 3 + 1795?
1798
In base 11, what is 5 - a70?
-a66
In base 16, what is -2 + -9c?
-9e
In base 15, what is d - 4ee?
-4e1
In base 9, what is -328 + 2?
-326
In base 2, what is -11 + -100000?
-100011
In base 10, what is -5 - 268?
-273
In base 9, what is 135 + 7?
143
In base 8, what is -1 + -12?
-13
In base 8, what is -25 + 1113?
1066
In base 5, what is 2 + 30?
32
In base 3, what is 11010 - -12?
11022
In base 8, what is -621 + 1?
-620
In base 12, what is -31 + 6?
-27
In base 8, what is -5 - 15607?
-15614
In base 13, what is -29b1 + 2?
-29ac
In base 12, what is 2b + -13?
18
In base 3, what is -1011 + 220?
-21
In base 15, what is -173 - 1?
-174
In base 15, what is -3 - be?
-c2
In base 10, what is 302 - 2?
300
In base 12, what is 289 - -2?
28b
In base 2, what is 11010100 + -1001011?
10001001
In base 16, what is 3 - 10?
-d
In base 2, what is -10101101101 + -10110?
-10110000011
In base 16, what is 4 + -23?
-1f
In base 15, what is 1b2 - 1?
1b1
In base 13, what is 3450 - 0?
3450
In base 3, what is 22101 + 21?
22122
In base 16, what is -3 - 473?
-476
In base 8, what is -10 - -352?
342
In base 13, what is -6 + -3b?
-44
In base 5, what is -4 - -11?
2
In base 13, what is 198 + 0?
198
In base 4, what is -1212 + -11?
-1223
In base 9, what is -6478 + -2?
-6481
In base 14, what is -12 + -18?
-2a
In base 16, what is 16 - 3?
13
In base 8, what is -5 + 2?
-3
In base 9, what is -266 + 2?
-264
In base 13, what is -5 + -422?
-427
In base 7, what is -24231 - -5?
-24223
In base 8, what is 3 + 736?
741
In base 8, what is -233 + -2?
-235
In base 7, what is -12254 - 4?
-12261
In base 4, what is -113101 - 